igit of 6175513123?
5
What is the hundred thousands digit of 457457230?
4
What is the millions digit of 32604130?
2
What is the millions digit of 444991593?
4
What is the millions digit of 82258711?
2
What is the billions digit of 3077392264?
3
What is the hundreds digit of 8639441059?
0
What is the ten millions digit of 33970138?
3
What is the billions digit of 1794908241?
1
What is the tens digit of 29639433?
3
What is the units digit of 39435128?
8
What is the units digit of 153194047?
7
What is the hundred thousands digit of 181780753?
7
What is the hundred millions digit of 3254719020?
2
What is the hundreds digit of 42048699?
6
What is the hundreds digit of 82755783?
7
What is the billions digit of 2279333175?
2
What is the tens digit of 1775003296?
9
What is the hundreds digit of 3635754900?
9
What is the tens digit of 6055559628?
2
What is the millions digit of 301236977?
1
What is the ten millions digit of 103506900?
0
What is the ten thousands digit of 349132143?
3
What is the tens digit of 1094317931?
3
What is the tens digit of 190904955?
5
What is the hundred millions digit of 8077710948?
0
What is the millions digit of 92051703?
2
What is the units digit of 12535733?
3
What is the units digit of 289693299?
9
What is the units digit of 339972881?
1
What is the millions digit of 11664684?
1
What is the units digit of 5689923042?
2
What is the thousands digit of 216354505?
4
What is the hundreds digit of 100108807?
8
What is the thousands digit of 99090528?
0
What is the ten thousands digit of 252899659?
9
What is the units digit of 267855544?
4
What is the thousands digit of 54035169?
5
What is the ten millions digit of 1171321543?
7
What is the tens digit of 21749650?
5
What is the ten thousands digit of 1739562130?
6
What is the tens digit of 55422214?
1
What is the thousands digit of 469296163?
6
What is the millions digit of 307037103?
7
What is the hundred millions digit of 6676885517?
6
What is the hundred millions digit of 895017831?
8
What is the hundred thousands digit of 95645919?
6
What is the hundred thousands digit of 6420739?
4
What is the tens digit of 110009586?
8
What is the units digit of 607456732?
2
What is the thousands digit of 103309100?
9
What is the ten thousands digit of 2849039084?
3
What is the units digit of 3009209737?
7
What is the hundred millions digit of 114250017?
1
What is the hundreds digit of 107262453?
4
What is the hundreds digit of 7242189?
1
What is the millions digit of 386542887?
6
What is the ten thousands digit of 54239636?
3
What is the millions digit of 8250426564?
0
What is the hundred millions digit of 2236058799?
2
What is the millions digit of 2061463976?
1
What is the hundreds digit of 332397355?
3
What is the tens digit of 54003370?
7
What is the ten millions digit of 35972930?
3
What is the hundreds digit of 26989899?
8
What is the thousands digit of 883751020?
1
What is the millions digit of 111196534?
1
What is the hundred thousands digit of 5356599?
3
What is the units digit of 1110869750?
0
What is the thousands digit of 5665735868?
5
What is the tens digit of 554203574?
7
What is the tens digit of 2291703400?
0
What is the hundreds digit of 124926774?
7
What is the hundreds digit of 193613586?
5
What is the ten thousands digit of 272468726?
6
What is the hundred millions digit of 2523573732?
5
What is the units digit of 16056798?
8
What is the thousands digit of 90996023?
6
What is the tens digit of 615235090?
9
What is the hundreds digit of 39260006?
0
What is the tens digit of 886579098?
9
What is the ten millions digit of 5112534784?
1
What is the hundred thousands digit of 25440685?
4
What is the ten millions digit of 353464442?
5
What is the hundred thousands digit of 522223122?
2
What is the millions digit of 365466180?
5
What is the units digit of 61800561?
1
What is the units digit of 1633383363?
3
What is the thousands digit of 322095834?
5
What is the hundred millions digit of 2390669011?
3
What is the millions digit of 14773207?
4
What is the units digit of 1264313726?
6
What is the ten thousands digit of 238488505?
8
What is the ten thousands digit of 231232315?
3
What is the hundred millions digit of 2439978803?
4
What is the thousands digit of 1627526160?
6
What is the ten millions digit of 80672763?
8
What is the hundreds digit of 2343611223?
2
What is the units digit of 200675894?
4
What is the units digit of 4374956520?
0
What is the tens digit of 266813079?
7
What is the ten thousands digit of 58327736?
2
What is the millions digit of 27837295?
7
What is the tens digit of 39879365?
6
What is the thousands digit of 887491200?
1
What is the ten millions digit of 1600880298?
0
What is the millions digit of 3021713885?
1
What is the hundred thousands digit of 134989396?
9
What is the thousands digit of 303784332?
4
What is the ten thousands digit of 76000922?
0
What is the hundred thousands digit of 256441560?
4
What is the billions digit of 7164218307?
7
What is the hundred thousands digit of 31103564?
1
What is the ten millions digit of 2935369441?
3
What is the tens digit of 224938733?
3
What is the units digit of 6492890?
0
What is the millions digit of 198707367?
8
What is the ten thousands digit of 1789325655?
2
What is the tens digit of 100980181?
8
What is the millions digit of 75447504?
5
What is the hundreds digit of 76584899?
8
What is the hundred millions digit of 1879459086?
8
What is the units digit of 829409283?
3
What is the millions digit of 3044943688?
4
What is the hundreds digit of 2083306065?
0
What is the tens digit of 1542943776?
7
What is the hundreds digit of 3386112212?
2
What is the hundred millions digit of 1091236211?
0
What is the hundreds digit of 139138552?
5
What is the units digit of 2132454827?
7
What is the units digit of 28138175?
5
What is the millions digit of 397236329?
7
What is the billions digit of 1762510595?
1
What is the ten millions digit of 45681014?
4
What is the tens digit of 420871416?
1
What is the hundred millions digit of 112517131?
1
What is the hundred thousands digit of 4986777051?
7
What is the hundreds digit of 284994364?
3
What is the millions digit of 33196434?
3
What is the hundred thousands digit of 25777194?
7
What is the ten thousands digit of 112038116?
3
What is the hundred millions digit of 185692478?
1
What is the ten millions digit of 624803982?
2
What is the thousands digit of 1165436070?
6
What is the millions digit of 150118095?
0
What is the ten millions digit of 165911088?
6
What is the tens digit of 152082028?
2
What is the hundreds digit of 185880876?
8
What is the ten thousands digit of 846789428?
8
What is the units digit of 33805334?
4
What is the ten thousands digit of 23874626?
7
What is the hundred millions digit of 480771534?
4
What is the hundred millions digit of 206518751?
2
What is the hundred millions digit of 1671289974?
6
What is the hundreds digit of 302901723?
7
What is the hundred thousands digit of 1674987?
6
What is the hundred millions digit of 416143890?
4
What is the hundreds digit of 323847088?
0
What is the millions digit of 1579208516?
9
What is the hundreds digit of 4159549043?
0
What is the hundred millions digit of 483093125?
4
What is the units digit of 2936551202?
2
What is the hundreds digit of 17394434?
4
What is the hundreds digit of 109460936?
9
What is the millions digit of 225748310?
5
What is the hundred thousands digit of 519896896?
8
What is the ten millions digit of 6496101809?
9
What is the ten thousands digit of 91100811?
0
What is the units digit of 504614193?
3
What is the ten millions digit of 1321940235?
2
What is the hundred millions digit of 6202038747?
2
What is the ten millions digit of 5625687035?
2
What is the hundred thousands digit of 1500717534?
7
What is the hundred thousands digit of 70205157?
2
What is the hundred thousands digit of 841850577?
8
What is the units digit of 21145885?
5
What is the hundred millions digit of 116069270?
1
What is the hundred millions digit of 4510780099?
5
What is the hundred thousands digit of 80430103?
4
What is the hundred thousands digit of 472546673?
5
What is the hundreds digit of 59166298?
2
What is the hundred thousands digit of 5920829150?
8
What is the hundreds digit of 249123696?
6
